3*a + 23. Suppose -s*b - p = p - 12, -5*b = -2*p - 8. What is the greatest common divisor of b and 8?
2
Let s(j) be the first derivative of 15*j**2 - 12*j + 24. Let u be s(7). What is the highest common factor of u and 18?
18
Suppose -8902 = -11*b - 883. What is the greatest common factor of 9 and b?
9
Let u = 29 - 7. Let h = u - 19. Calculate the greatest common divisor of h and 27.
3
Let u be ((-12)/(-15))/((-2)/(-10)). Suppose -2*t - 3*s + 28 = -4, 0 = -t - u*s + 26. Calculate the greatest common factor of 30 and t.
10
Let g(r) = -3*r + 20. Let w be g(-8). Let k = -10 + w. Calculate the greatest common factor of k and 34.
34
Suppose -b = -3*b - 8. Let q = b + 5. Let m be 17 + 2 + q + -2. What is the highest common factor of m and 36?
18
Suppose 0*o - u = o - 31, 68 = 3*o - 2*u. What is the greatest common divisor of 104 and o?
26
Suppose -2*w + 26 + 34 = 0. Let d = 50 - w. What is the highest common divisor of d and 30?
10
Let z = 846 - 827. Calculate the highest common factor of z and 475.
19
Let f = -225 + 538. Suppose 0 = -5*l - 3*v - 887, -3*l - 391 - 148 = -5*v. Let x = f + l. What is the greatest common factor of 15 and x?
15
Let h be 3 + 0 + (0 - 3). Suppose 4*t + 4*f = 208, t - 5*f - 8 - 20 = h. What is the greatest common divisor of 120 and t?
24
Suppose 4*l = -3*d + 1073, 3*l - 11*d = -7*d + 786. Calculate the greatest common divisor of l and 28.
14
Suppose -20 = -5*f + y, -4*y + 30 = 5*f - 7*y. Suppose 32 = f*o + c, 5*c = -5*o + 2*c + 48. Calculate the greatest common factor of 84 and o.
12
Let b(z) = 5*z - 36. Let a be b(11). Suppose 2*r - a = -r - 2*g, 2*r = 2*g + 16. What is the greatest common divisor of 49 and r?
7
Let y be 7/(7/2) - 1*-2. Suppose 0 = -5*j - 2*l + 11 - 0, y*j + 11 = 5*l. What is the highest common divisor of 2 and j?
1
Suppose 5*b - 511 = -136. What is the greatest common factor of 3 and b?
3
Let u(b) = -2*b - b**2 + 2*b**2 + 3 - 2*b + b. Let j be u(8). Suppose -2*x + j + 5 = 0. Calculate the greatest common factor of 264 and x.
24
Let n = 17 - 12. Suppose n*k = 496 + 29. Suppose 0 = -5*y - 10 + k. What is the greatest common divisor of 19 and y?
19
Let m(b) be the second derivative of 3*b**4/4 + b**2/2 - 15*b. Let k be m(-1). Calculate the highest common factor of 25 and k.
5
Let q = -101 + -25. Let m be q/12*(-200)/6. Let g = 537 - m. Calculate the highest common divisor of g and 17.
17
Suppose 2*v = -2*l - 400, l + v + 200 = 2*v. Let w = -140 - l. Calculate the highest common divisor of w and 12.
12
Let q(w) be the first derivative of 3*w**2 - w - 3. Let f be q(1). Suppose -53*h + 59*h - 150 = 0. Calculate the greatest common divisor of h and f.
5
Let v = 48 - 48. Suppose 5*t - 11*t + 180 = v. Calculate the highest common divisor of 40 and t.
10
Let r be (-14 + 23)/((-1)/(-51)). Calculate the highest common divisor of r and 102.
51
Let d be 25 + -17 + (123 - -2). Calculate the highest common divisor of 57 and d.
19
Let c = 1169 - 1165. What is the greatest common divisor of 1096 and c?
4
Suppose -584 - 230 = -3*r - 5*q, 552 = 2*r + q. Let g = r - 134. Calculate the highest common divisor of 16 and g.
16
Let d = 12 - 17. Let s be ((-3)/9)/(d/75). Let c(z) = -z**3 - 2*z**2 + 3*z + 2. Let q be c(-3). What is the highest common factor of s and q?
1
Suppose 8*u = 7*u + 90. Suppose -u = 3*z - 9*z. What is the greatest common factor of 45 and z?
15
Let s be 17/255 + 5172/45. Calculate the greatest common factor of s and 25.
5
Let o = 2 - -26. Suppose d + 4*f + 366 = 6*d, -5*f = -2*d + 160. Calculate the greatest common factor of o and d.
14
Let s = -206 + 246. Let c be (-1*3/(-6))/((-1)/(-320)). What is the highest common divisor of s and c?
40
Let b be (-1 + -1)*21/(-14). Suppose b*l + 2 = 8. Suppose n + 122 = 2*n - z, 4*z = -l*n + 268. Calculate the greatest common divisor of n and 21.
21
Suppose 82 = 2*t + 38. What is the highest common factor of t and 8?
2
Suppose -2*w + 345 = 5*q + 3*w, 1 = w. What is the highest common factor of 8 and q?
4
Let z(g) = g**2 + 5*g - 34. Let b be z(-9). Suppose -y + b*y = 4*w + 72, 0 = w - 3. Calculate the highest common divisor of y and 12.
12
Let d = -10 + 12. Suppose -d = 2*k, -6*u + 2*k + 317 = -u. Suppose -7*q + 10*q - u = 0. What is the greatest common divisor of 7 and q?
7
Let t(h) = -73*h**3 - h**2 - 3*h - 1. Let y be t(-2). Suppose -183 - y = -4*q. Suppose -4*v + 6*v - 48 = 0. Calculate the greatest common divisor of v and q.
24
Let h(x) = -x**3 + x**2 + 1. Let u(f) = -28*f**3 + 4*f**2 + 2*f + 9. Let y(p) = -6*h(p) + u(p). Let c be y(-1). What is the greatest common factor of 35 and c?
7
Suppose 184 = -4*y - 0*y. Suppose 4*p = -2*b - 71 - 35, 3*b = -5*p - 135. Let w = p - y. What is the highest common factor of w and 55?
11
Let b = 4 + 20. Let o be b/(-40) - 8/(-5). Suppose 0 = -2*u + 3*v - 1, 4*u + 5*v + 6 = 15. What is the greatest common factor of o and u?
1
Let j = 73 + 5. Suppose -j = 10*w - 16*w. What is the highest common factor of w and 143?
13
Suppose -5*b - 17*b + 44 = 0. What is the highest common factor of b and 54?
2
Let u be (12/9)/((-1)/6). Let v be 1749/39 + u/(-52). Suppose -4 - 62 = -3*w - 3*z, 0 = 4*z - 16. What is the greatest common factor of v and w?
9
Let n = 43 - 23. Let u(x) = 2*x**3 + x**2 - 1. Let t be u(1). Suppose 5*v = -t*d + 48, 7*d - 3*d = -3*v + 26. Calculate the highest common factor of n and v.
10
Let u be (-9 + 10)*(15 + -5). Calculate the greatest common factor of u and 610.
10
Suppose -2*a = -2*g - 60, 5*a + 0*a - 159 = 2*g. Calculate the highest common factor of a and 495.
33
Let u(r) = 8*r - 48. Let x be u(7). Let t be 2*(2*4 - -2). What is the highest common divisor of x and t?
4
Let o(j) = -j + 52. Let k be o(48). What is the highest common divisor of 162 and k?
2
Let h = 143 - 130. Suppose -3*o = -91 + 13. Calculate the greatest common divisor of h and o.
13
Let y(r) = -r**2 + 4*r + 7. Let k(i) = -i**2 + 6*i - 3. Let o be k(4). Let p be y(o). Let n be 237/3 - p/1. Calculate the greatest common factor of 11 and n.
11
Let o(n) = n**3 - n**2 + 4*n - 4. Let y be o(6). Suppose -5*m = 4*v - y, -4*v + 157 = 2*m - 31. What is the highest common factor of v and 18?
9
Let s be 51/(-102)*(1 + -15). Calculate the highest common divisor of s and 2177.
7
Suppose -5*n = -14*n + 9396. What is the highest common factor of n and 48?
12
Let z = 49 + -22. Let o = 60 - z. Calculate the greatest common factor of 22 and o.
11
Let m be ((-120)/(-360))/((-1)/(-1311)). Calculate the highest common divisor of 46 and m.
23
Let r(b) = 103*b - 877. Let p be r(9). Calculate the greatest common factor of 725 and p.
25
Suppose 5*n - 4*n = -5*h + 26, 0 = -3*n - 12. Suppose -d - d = 0. Suppose -3*q - h = d, 0 = 4*k + 3*q - 10 - 12. What is the greatest common factor of k and 28?
7
Let q(n) = -2*n**3 + 4*n**2 + 48*n - 6. Let v be q(-6). Calculate the highest common divisor of 6 and v.
6
Let d(s) = 6*s**2 - 5*s**2 - 2 - 4*s - 2*s**2. Let n be d(-7). Let x be (-3)/(-6)*(-5 - n). Calculate the highest common factor of x and 3.
3
Let v be (-1 - -1)/(4 - 1). Let r be v*(-1)/4*2. Suppose -x - 67 + 243 = r. Calculate the highest common divisor of 22 and x.
22
Let s = -74 + 85. Let g be 19/(-4) - 2/8. Let m be 2/g + 57/5. What is the highest common divisor of m and s?
11
Suppose -k + 22 = -8. Let n = k + -26. Suppose p - 2*i = n*p - 515, p - 168 = 3*i. What is the highest common divisor of p and 19?
19
Let m = 10 + -16. Let i = 8 + m. Calculate the highest common divisor of 1 and i.
1
Let d be (-7055)/(-15) - 8/(-12). Let r be (-3)/18 + d/18. What is the greatest common factor of r and 13?
13
Let x be (-176)/(-48) + (-1081)/(-3). What is the greatest common factor of 70 and x?
14
Suppose -2*k + 190 = 2*j - 922, -10 = 5*j. Calculate the greatest common factor of 126 and k.
18
Suppose -4*t + 16 = 4. Suppose 3 = -t*b + 21. Let c(i) = 44*i - 2. Let q be c(1). Calculate the highest common factor of q and b.
6
Suppose -i - 9 = 12. Let o = -21 - i. Suppose 3*s = 4*p + 61, -s - 4*p + 31 = -o*s. Calculate the greatest common factor of 69 and s.
23
Let s(v) = -v**2 + 6 - 5*v + 269*v**3 - 268*v**3 + 3. Let w be s(5). Calculate the highest common divisor of w and 24.
12
Suppose 0 = z + 2*w - 14, -16*z = -11*z + 5*w - 70. Suppose -2*h - z + 118 = 0. What is the highest common 